. Calculate the highest common factor of s and 8.
8
Suppose -5*p + 92 = 2. Suppose 5*q - 27 - p = 0. Suppose -9*f - 144 = -13*f. What is the highest common divisor of f and q?
9
Let x(v) = 3*v + 2. Let k be x(3). Calculate the greatest common factor of 1 and k.
1
Suppose v = -12 + 35. Suppose v + 19 = 2*y. Calculate the highest common divisor of 3 and y.
3
Suppose -3*l = -8*l + 45. Calculate the greatest common divisor of l and 9.
9
Let p = -59 - -104. Let z be p/25 - (-2)/10. Calculate the greatest common factor of z and 22.
2
Let p = 17 - -11. Calculate the greatest common divisor of 252 and p.
28
Let o(q) = q**2 - 8*q + 3. Let u be o(8). Let t(f) = -1 - f**3 - 7*f + 7*f**2 + 0*f**u + 3*f. Let k be t(6). What is the highest common divisor of 121 and k?
11
Suppose 4*c - 484 = -4*n, -2*n - c - 2*c + 242 = 0. Calculate the greatest common divisor of 11 and n.
11
Let z(r) = -59*r - 1. Let w be z(-3). Let s = -5 + 21. What is the highest common factor of w and s?
16
Let n be (6/(-2))/(-2 + 1). Let u = -3 + n. Suppose 5*i = -j + 20, -j + u*i = -i - 2. Calculate the greatest common factor of j and 2.
1
Suppose 4*s = -b - 5, -3*s = -3*b - 8*s + 6. Let x(d) = -d**3 - 8*d**2 + 8*d. Let a be x(-9). Let q = a + b. What is the highest common factor of q and 176?
16
Let t(c) = 0*c - 7*c + 3 - 3 - 6. Let h be t(-3). What is the highest common factor of 60 and h?
15
Suppose 78 = i + 3*v, 6*i = 2*i - 4*v + 344. Suppose 6*c = c + i. What is the greatest common factor of c and 6?
6
Suppose 4*m - 192 = m. Suppose m = r + 3*r. Let o be (0 - 1)/(1/(-144)). Calculate the greatest common factor of r and o.
16
Suppose -13*l + 80 = -11*l. What is the highest common divisor of 100 and l?
20
Let l be ((-28)/(-21))/(1/3489). Let s = -3310 + l. Suppose s = 5*j + 532. What is the highest common factor of 18 and j?
18
Suppose -5*h - 105 = -5*u, 4*u + 32 - 110 = -2*h. Let c = -8 + u. What is the greatest common divisor of c and 12?
12
Let c be 1/2 + 45/(-10). Let p be (5 - c)*8/6. What is the highest common divisor of 12 and p?
12
Let t be (-1127)/(-9) - 12/54. Let r = 35 + t. What is the highest common divisor of 20 and r?
20
Let v = 11 + -8. Suppose 4*i + 5*g - 162 = 0, -v*i + 2*g + 72 = -i. What is the highest common divisor of 19 and i?
19
Suppose 2*w = -w + 84. Calculate the highest common factor of w and 21.
7
Let s = 14 - 104. Let p = s + 139. Calculate the greatest common factor of 7 and p.
7
Suppose -4*a = -0*a - 1080. Calculate the greatest common factor of 30 and a.
30
Suppose -5*b + 2 = 7. Let t = b + 3. Let z = 3 + t. What is the greatest common factor of 20 and z?
5
Let i = -56 - -90. Calculate the greatest common divisor of i and 68.
34
Let q(j) = -j**3 + 11*j**2 - 8*j + 14. Let w be q(7). Calculate the greatest common factor of w and 22.
22
Let j(b) = b**2 - 8*b + 1. Let w be j(7). Let u be (w/4)/((-4)/16). Calculate the greatest common divisor of 12 and u.
6
Let q(z) = z**2 + 9*z + 8. Let s be q(-8). Suppose -5*h = 5*g - 20, s = 3*g + 4*h - 2 - 10. Calculate the highest common factor of 8 and g.
4
Suppose g - 4*t = 12, -24 = -2*g - t + 4*t. What is the greatest common factor of g and 60?
12
Suppose -3*t + 25 = -8*t. Let z = 9 - t. Calculate the greatest common factor of z and 154.
14
Let w(z) = -z**3 + z**2 + z - 1. Let n be w(1). Suppose 3*d - 36 = -d + 4*x, n = 3*d + 4*x - 27. Calculate the highest common factor of d and 72.
9
Suppose 2 - 14 = -c. Let b = -4 - -19. Suppose -b = -h + 9. What is the highest common divisor of c and h?
12
Let l(z) = -z**3 + 3*z**2 + 5*z + 2. Suppose -3*c + 6 = -6. Let t be l(c). What is the greatest common factor of 12 and t?
6
Suppose 0 = -5*d + 3*s + 517, -4 = -2*s - 2*s. Calculate the greatest common factor of d and 13.
13
Let c(b) = -b**3 - 5*b**2 + 5*b - 9. Let d be c(-7). What is the highest common divisor of d and 6?
6
Let g = 9 - 15. Let s(y) = y**2 + 8*y + 6. Let a be s(g). Let l be 1 + (-3 + 0 - a). Calculate the greatest common factor of 4 and l.
4
Let f be -1 + ((-678)/(-3))/2. Calculate the greatest common divisor of 14 and f.
14
Let k = -1 + 4. Suppose 0 = -5*v + k*v + 3*z + 111, -3*v = -z - 156. Calculate the greatest common divisor of v and 34.
17
Suppose j - 1 = 6. Suppose 0 = -j*i + 4*i + 9. Suppose i*o = -14 + 56. What is the greatest common factor of 98 and o?
14
Let t(v) = v**2 - 1. Let c be t(1). Let d be -18*(c + 8/(-3)). Let w(i) = -4*i + 8. Let f be w(-6). Calculate the greatest common factor of f and d.
16
Let v be (56/12)/((-1)/(-6)). Let q = -20 + v. Calculate the greatest common divisor of 8 and q.
8
Let h be ((-10)/(-8))/(1/4). Let q(a) = -a**3 + 33 - a + 4*a**2 - 27 + 6*a. Let v be q(h). What is the greatest common factor of v and 60?
6
Let x be ((-2)/(-4))/(3/18). Suppose y - 9 = 3*z, -2*z + 7*z + 25 = 5*y. Let a = x - z. Calculate the greatest common divisor of 10 and a.
5
Suppose 6 = -2*r, -5 = -u - 3*r - 16. Let p be (u + 4 - 3) + 17. Calculate the greatest common factor of 16 and p.
16
Let l(w) = -w. Let m(n) = -2*n**2 + 3*n. Let v be m(2). Let p be l(v). Suppose 0 = -3*u + 16 + 26. What is the greatest common factor of u and p?
2
Suppose 88 = 4*m - 5*s, 4*m - 44 = 2*m - 4*s. Let a be (-8)/28 - 1854/(-21). Calculate the highest common factor of m and a.
22
Suppose -5*y - 248 = -v - 3*v, -v + 53 = y. What is the highest common divisor of 76 and v?
19
Suppose 3*a + 2*m = 7*m + 22, 10 = 4*a + 3*m. Suppose a*g - 100 = -g. Calculate the greatest common divisor of g and 20.
20
Let y(p) = -p + 1. Let k(g) = 8*g**2 - 10. Let b(i) = k(i) + 5*y(i). Let w be b(6). What is the greatest common divisor of w and 23?
23
Suppose -3*r + r - 16 = 0. Let n be (-16)/(-14)*(-28)/r. Calculate the highest common factor of 36 and n.
4
Let l(o) = -o**3 - 4*o**2 + 3*o - 14. Let q be l(-7). Calculate the greatest common divisor of q and 7.
7
Suppose -13*s + 75 = -8*s. Let z = 200 - 65. What is the highest common divisor of s and z?
15
Let r(o) = -o**2 - 9*o - 12. Let k be r(-10). Let y = k + 60. What is the greatest common factor of 95 and y?
19
Let p be (-2)/(-7) - 2382/(-42). What is the highest common divisor of 19 and p?
19
Let h = 21 + -9. Calculate the greatest common factor of 36 and h.
12
Suppose -5*a + 10 = z + 29, -5*a = -z + 11. Let d be (3/z)/(3/(-48)). Calculate the highest common divisor of 12 and d.
12
Suppose -3 = -2*h + 3. Suppose 0 = -h*c + 3*r + 2*r + 44, r = c - 12. What is the greatest common factor of c and 20?
4
Suppose 15 = 4*w - w. Suppose -w*h + 10 = -125. Calculate the greatest common divisor of h and 9.
9
Let k be -1 - -82 - 4/4. Suppose 0*t - 2 = t - 5*l, 5*t + 5*l = k. Let p = 3 + t. Calculate the greatest common factor of p and 2.
2
Let h = 31 - -193. Calculate the greatest common factor of h and 32.
32
Suppose 3*c - c + 2*s - 132 = 0, -4*c = 3*s - 262. Calculate the greatest common factor of 16 and c.
16
Suppose -2*z + g + 24 = -z, -5*g = -2*z + 39. Let q = z - 18. Calculate the greatest common divisor of q and 63.
9
Suppose 12 = -5*h + h, -h - 15 = -w. Calculate the greatest common divisor of 108 and w.
12
Let x(i) = -38*i - 2. Let q be x(-3). Let j be (-60)/18*(-48)/5. Suppose -12*m = -10*m - j. Calculate the highest common factor of q and m.
16
Let o(p) = 2*p**2 + 17*p - 4. Let r be o(-12). Let l(h) = 2*h**2 + 7*h + 1. Let q be l(-5). Calculate the highest common factor of r and q.
16
Let b = -3 + 4. Let g be (-2 + 0 - b) + 10. Calculate the greatest common divisor of g and 56.
7
Suppose -d - 3*d - 24 = 0. Let y = 6 + d. Suppose y*k - k = -24. What is the highest common divisor of 3 and k?
3
Let g(i) = 3*i**2 + 8*i - 1. Let t be g(-7). Let f be (2/5)/(3/t). What is the greatest common divisor of 36 and f?
12
Let j = 138 + -122. What is the highest common divisor of j and 6?
2
Let z be (1710/75)/(2*(-3)/(-20)). Calculate the greatest common divisor of 114 and z.
38
Suppose -n + 21 = 2*z, 5*n - 4*n = -3*z + 16. What is the highest common divisor of n and 62?
31
Suppose -3 = -o - r, 28 = 2*o - 3*r + 2. What is the greatest common factor of 21 and o?
7
Let k = 22 + 260. What is the highest common divisor of 47 and k?
47
Let a = -69 + 118. What is the highest common factor of a and 392?
49
Let t = -19 + 37. Let m be 1136/7 + (-6)/21. Calculate the highest common divisor of m and t.
1